et c be w(-6). Let f = 13 + c. What is the highest common factor of 49 and f?
7
Let j = 39 + -28. Let l = -3 + j. What is the greatest common factor of 64 and l?
8
Let f = 11 - 8. Suppose 5*u - u = 3*c + 14, -5 = 5*c - f*u. Calculate the greatest common factor of c and 20.
2
Suppose 9*b = -19 + 298. Calculate the greatest common factor of b and 93.
31
Let t(n) = 12*n + 3. Let l(j) = -11*j - 3. Let k(q) = 6*l(q) + 5*t(q). Let r be k(-4). What is the highest common factor of 7 and r?
7
Let k = 2 - -3. Suppose -21 = -4*m - k. Suppose 0 = l - 10 - 0. Calculate the greatest common divisor of l and m.
2
Suppose -k + 5*w = -4*k + 250, 2*k = -2*w + 172. What is the highest common divisor of 18 and k?
18
Suppose -9 = 6*q - 9*q. What is the highest common factor of q and 21?
3
Suppose 4 = 4*k, 3*p - 4*k - 4 = -2. Suppose p*w - 5*m = -90 - 361, 3*w + 5*m + 664 = 0. Let j = 321 + w. What is the highest common divisor of j and 14?
14
Let y = 10 - -4. What is the greatest common divisor of y and 70?
14
Let m be (-4 - -3)/((-1)/24). Let l = -3 + 19. Calculate the highest common divisor of m and l.
8
Let r = 117 + -22. Suppose -3*c + 8*c - r = 0. Let a = c - 9. What is the greatest common divisor of 10 and a?
10
Let p(c) = -c**2 - c. Let a be p(0). Suppose 4*v + a*j + j = 34, 2*v - 14 = j. Calculate the highest common factor of 20 and v.
4
Suppose 2 = w - 3*r, 5 = -4*w + 3*r + 13. Suppose 3*m - 18 = -w*x, 5*m + x = 29 - 6. What is the greatest common divisor of m and 1?
1
Let s(x) = -x - 5. Let m be s(-9). Suppose 2*h = f + h - 35, m*f - 105 = -3*h. What is the highest common factor of f and 12?
6
Let v be (0/3)/(2/1). Suppose 0*l + 3*l - 429 = v. What is the highest common factor of 13 and l?
13
Let t be (-40)/220 + 255/11 + -1. Calculate the highest common factor of t and 11.
11
Let q = -12 + 22. Suppose -y = 4*y - q. Let o = y - -13. What is the highest common factor of 105 and o?
15
Let f be -1*(9 - 2)*1. Let b(l) = -l + 1. Let p(a) = 4*a - 2. Let z(u) = -21*b(u) - 6*p(u). Let m be z(f). Calculate the greatest common factor of 8 and m.
4
Suppose 3*y = 9*y - 144. Calculate the highest common divisor of 16 and y.
8
Suppose 2*v + 1 + 3 = 0. Let z(l) = -10 + 2 - 7*l + 5. Let c be z(v). What is the highest common divisor of c and 77?
11
Let x(l) be the third derivative of l**5/60 + 5*l**4/24 + l**3/2 + 2*l**2. Let s be x(-5). What is the greatest common divisor of 12 and s?
3
Suppose 0 = 5*j - 4*n - 158, -2*j - 3*j - 2*n = -176. Calculate the highest common factor of 51 and j.
17
Let h(p) = 3*p**2 + 5*p + 10. Let o be h(-9). What is the greatest common factor of 26 and o?
26
Suppose -r - 5 = -4*o, -5*o + r + 8 = 1. Suppose 6*g + 20 = 10*g. What is the highest common divisor of o and g?
1
Suppose 0 = -q - 4*q - 3*f + 54, 2*f = -q + 8. What is the highest common factor of 12 and q?
12
Suppose 0 = -4*q + 6*q - 4. Suppose 0 = 3*f - q*f. Suppose -b + f*b = -12. Calculate the highest common factor of 12 and b.
12
Let p(h) = -7*h + 8. Let i be p(-11). Suppose 5*l + 5*m - i = 0, 2*l - 20 = 2*m - 2. What is the greatest common factor of l and 104?
13
Suppose 2*b + 22 = 3*t, 7*b - 4*b = 5*t - 35. Suppose -5*l = -o - 49, -t*l + 2*l + 6 = 3*o. Calculate the greatest common factor of l and 18.
9
Suppose f + 0*b + 2 = -4*b, 0 = 4*f - 3*b - 87. What is the greatest common divisor of 9 and f?
9
Let l(y) = 4*y - 6. Let q be l(5). Let m = 2 - -19. Calculate the greatest common divisor of m and q.
7
Let l be (33/(-6)*-8)/(-1). Let i = l + 74. Suppose -2*f + 26 = 2. What is the highest common divisor of f and i?
6
Let l = -10 - -20. Let z be ((-22)/(-6) - (-10 + 13))*6. What is the greatest common divisor of l and z?
2
Let m = 153 - 107. What is the highest common divisor of m and 46?
46
Let h = 5 - -13. Calculate the highest common divisor of 54 and h.
18
Suppose 4*h - 221 = -3*j, -4*j = -5*h - 0*j + 284. Calculate the highest common divisor of 7 and h.
7
Let i be -1 - 2*(-51)/3. Calculate the highest common factor of 22 and i.
11
Suppose -2*u - 2*u = 180. Let i be u/(-2) - (-2)/(-4). Let w be 16/10 - 18/(-45). What is the highest common factor of i and w?
2
Let z = -15 - -22. Suppose -4*b + 3*i = -24, 4*b = -5*i - 5 - 3. Suppose -n + 3*x - 11 = -3*n, 2*x = b*n - 23. Calculate the greatest common factor of n and z.
7
Suppose 0 = -2*b - 3*s + 24, 4*b - s - 9 = 11. Let t(n) = 2*n + 3. Let o be t(b). Let x = 130 + -70. What is the highest common factor of x and o?
15
Let a = 17 - 9. Let h be ((-9)/(-2))/(2/a). Let q = 8 - -4. Calculate the greatest common divisor of h and q.
6
Suppose -2*f + 11 + 309 = 0. What is the highest common divisor of f and 20?
20
Suppose 8*p - 3*p - 30 = 0. Let d be 20/p*(-6)/(-4). What is the greatest common factor of 35 and d?
5
Let y be (10/(3/3))/((-5)/(-25)). Suppose -3*b + v + 34 = 0, -3*b + 2*v + 3*v = -50. Calculate the greatest common divisor of b and y.
10
Suppose -8 - 9 = -y. Let q be (-2*5)/(y/(-34)). Calculate the greatest common divisor of q and 8.
4
Let k(a) = 3*a**3 - 2*a**2 + 2*a - 2. Let v be k(2). What is the greatest common divisor of v and 2?
2
Let s(l) = l**3 + 9*l**2 + 7*l + 5. Let f be s(-8). Let k = f + 23. Let g = -5 - -9. What is the highest common divisor of k and g?
4
Let s = -17 + 19. Let x be ((-4)/s)/(2/(-21)). What is the highest common divisor of x and 84?
21
Let p be 50/4 - 2/4. Let j = -68 - -98. What is the greatest common divisor of j and p?
6
Suppose -2*o = 3*f + 47, 3*o - 91 = 4*f + f. Let l(d) = 2*d**2 + 2*d - 5. Let s be l(6). Let y = s - f. What is the highest common factor of 12 and y?
12
Suppose -5 = -3*k + 1. Let z(u) = u**2 - 2*u - 7. Let a be z(5). Suppose -k*v + a = -0*v. What is the highest common divisor of v and 1?
1
Suppose -2*t - 85 = -5*t - 5*u, 0 = 2*u - 10. What is the greatest common divisor of t and 5?
5
Let b(r) = 7*r - 52. Let p be b(12). Calculate the highest common divisor of 48 and p.
16
Suppose 0 = 2*i - 3*h + 8*h - 33, -3*h = -4*i + 105. Calculate the greatest common divisor of i and 96.
24
Let i = 73 + -67. What is the highest common divisor of 30 and i?
6
Let l(c) be the second derivative of 8*c**2 + 1/6*c**3 + 0 + 2*c. Let k be l(0). Calculate the highest common divisor of k and 16.
16
Let h be (1*3)/(6/8). Suppose -2*c = 2*v - 134, v - h*v - 149 = -2*c. What is the greatest common divisor of 7 and c?
7
Let u be (-1*5)/(19/(-133)). Calculate the greatest common divisor of 14 and u.
7
Let o = -40 + 50. Calculate the highest common factor of 20 and o.
10
Suppose -13*a + 4 = -12*a. What is the highest common factor of 10 and a?
2
Let r(v) = v + 3. Let m be r(0). Suppose 0*b - 43 = -5*a + b, -5*a = m*b - 31. Suppose 2*n - n - 8 = 0. What is the greatest common divisor of a and n?
8
Let m = 12 + -10. What is the highest common divisor of m and 8?
2
Suppose -37*b = -40*b + 21. Let t = -32 - -46. What is the greatest common factor of b and t?
7
Suppose 3*a - 14 = 13. What is the greatest common divisor of 63 and a?
9
Let a(m) = m**2 + 7*m + 9. Let q be a(-12). Calculate the greatest common divisor of 46 and q.
23
Let c(q) = 3*q + 1. Let d be c(-2). Let o(u) = -u + 1. Let a be o(d). What is the greatest common divisor of a and 15?
3
Let s be (-300)/(-35) + 18/42. What is the greatest common factor of 81 and s?
9
Suppose -4*r + 5*w + 2 + 7 = 0, 4*r = 3*w + 15. Let q(m) = -m**2 + 7*m + 8. Let k be q(r). Calculate the greatest common divisor of k and 70.
14
Suppose 3*j = 3*v + 2*v + 29, -5*j + 3*v = -59. Let r = -2 + j. Calculate the highest common factor of 121 and r.
11
Let o be 4/2 - (0 - 1494). Let j be (-6)/(-45) + o/30. What is the greatest common divisor of 20 and j?
10
Let h be (-2)/(0 + 0 - -2). Let v be 2 - 453/3*h. Let n be (17 - (0 - -2)) + 2. Calculate the highest common factor of v and n.
17
Let g be ((-40)/16)/(1/(-90)). Let l be g/6 - 6/4. Calculate the highest common divisor of l and 4.
4
Suppose 0 = -0*n - 3*n + 75. What is the highest common factor of n and 50?
25
Suppose 3*v = -2*v - 4*t + 1576, 0 = -5*t + 20. Calculate the greatest common factor of 52 and v.
52
Let y = 12 - 0. Calculate the highest common divisor of y and 108.
12
Let s be (-1 + (-6 - -3))/(-1). Suppose -1 - 11 = -s*a. Calculate the greatest common divisor of a and 33.
3
Let o(p) = p**3 + 4*p**2 - 3*p + 5. L